he remainder when 3792277 is divided by 1264040.
157
What is the remainder when 548580 is divided by 548039?
541
What is the remainder when 91462387 is divided by 14?
9
Calculate the remainder when 805842 is divided by 434.
338
What is the remainder when 77587 is divided by 155?
87
What is the remainder when 95273 is divided by 273?
269
Calculate the remainder when 342813 is divided by 83622.
8325
What is the remainder when 2034975 is divided by 6626?
793
Calculate the remainder when 330530352 is divided by 26.
22
Calculate the remainder when 6515191 is divided by 95.
91
Calculate the remainder when 1441746 is divided by 36.
18
Calculate the remainder when 27039153 is divided by 23.
8
What is the remainder when 13208 is divided by 3545?
2573
Calculate the remainder when 1335558 is divided by 6630.
2928
Calculate the remainder when 5724166 is divided by 6.
4
Calculate the remainder when 4080036 is divided by 89.
9
Calculate the remainder when 4416226 is divided by 397.
395
Calculate the remainder when 441155 is divided by 3698.
1093
What is the remainder when 115518 is divided by 364?
130
What is the remainder when 177219 is divided by 25228?
623
Calculate the remainder when 1355442 is divided by 973.
53
Calculate the remainder when 12221997 is divided by 1271.
61
Calculate the remainder when 3302 is divided by 2958.
344
What is the remainder when 40981 is divided by 40944?
37
Calculate the remainder when 16136420 is divided by 2481.
2477
What is the remainder when 2562371 is divided by 15?
11
What is the remainder when 4321 is divided by 726?
691
What is the remainder when 48286672 is divided by 64?
16
Calculate the remainder when 12556819 is divided by 4.
3
What is the remainder when 44630 is divided by 7177?
1568
What is the remainder when 847355 is divided by 1446?
1445
What is the remainder when 82117 is divided by 1261?
152
What is the remainder when 50224400 is divided by 62?
60
What is the remainder when 3149989 is divided by 4646?
1
What is the remainder when 4919037 is divided by 11308?
57
What is the remainder when 89856066 is divided by 8?
2
What is the remainder when 6932987 is divided by 307?
6
Calculate the remainder when 58706173 is divided by 83.
24
What is the remainder when 687546 is divided by 45836?
6
What is the remainder when 3120001 is divided by 11305?
11126
What is the remainder when 395552 is divided by 13?
1
Calculate the remainder when 178846 is divided by 59119.
1489
What is the remainder when 4968994 is divided by 1717?
1713
Calculate the remainder when 13146147 is divided by 4552.
4523
Calculate the remainder when 5562499 is divided by 1854139.
82
What is the remainder when 839031 is divided by 1548?
15
What is the remainder when 127683 is divided by 3052?
2551
What is the remainder when 4791075 is divided by 4790996?
79
Calculate the remainder when 4169670 is divided by 297832.
22
Calculate the remainder when 91252 is divided by 11279.
1020
Calculate the remainder when 234865 is divided by 2434.
1201
What is the remainder when 44986 is divided by 22308?
370
Calculate the remainder when 46311 is divided by 1162.
993
What is the remainder when 90170 is divided by 734?
622
Calculate the remainder when 27858675 is divided by 33.
9
What is the remainder when 843164 is divided by 281041?
41
What is the remainder when 2159019 is divided by 86?
75
What is the remainder when 6599146 is divided by 758?
756
What is the remainder when 6740947 is divided by 3370460?
27
What is the remainder when 2620456 is divided by 873476?
28
What is the remainder when 36226928 is divided by 18113458?
12
Calculate the remainder when 1930229 is divided by 193021.
19
What is the remainder when 98371 is divided by 19673?
6
What is the remainder when 697036 is divided by 174243?
64
Calculate the remainder when 4200657 is divided by 27.
24
Calculate the remainder when 2355916 is divided by 27715.
141
Calculate the remainder when 705158 is divided by 1812.
290
What is the remainder when 1046746 is divided by 1046435?
311
Calculate the remainder when 989822 is divided by 197956.
42
What is the remainder when 11109 is divided by 2620?
629
What is the remainder when 81695 is divided by 343?
61
What is the remainder when 34891 is divided by 10500?
3391
Calculate the remainder when 6613583 is divided by 493.
481
Calculate the remainder when 12313554 is divided by 1671.
1626
What is the remainder when 157998 is divided by 1120?
78
What is the remainder when 81579849 is divided by 11?
10
Calculate the remainder when 4192835 is divided by 1861.
2
What is the remainder when 605068 is divided by 151236?
124
Calculate the remainder when 680566 is divided by 3454.
128
What is the remainder when 154378 is divided by 30847?
143
What is the remainder when 69022 is divided by 145?
2
Calculate the remainder when 136996 is divided by 68202.
592
What is the remainder when 14263870 is divided by 850?
20
Calculate the remainder when 5107804 is divided by 589.
585
What is the remainder when 1148685 is divided by 144?
141
What is the remainder when 121551 is divided by 26670?
14871
Calculate the remainder when 2469948 is divided by 411642.
96
Calculate the remainder when 188309 is divided by 62755.
44
Calculate the remainder when 783744 is divided by 1202.
40
What is the remainder when 221187 is divided by 92?
19
What is the remainder when 75287 is divided by 5013?
92
What is the remainder when 37465234 is divided by 558?
556
What is the remainder when 1741405 is divided by 1741133?
272
Calculate the remainder when 90540 is divided by 42836.
4868
What is the remainder when 7426639 is divided by 80?
79
What is the remainder when 704622 is divided by 4076?
3550
Calculate the remainder when 1705133 is divided by 2064.
269
What is the remainder when 2615761 is divided by 113723?
132
What is the remainder when 4021768 is divided by 1729?
114
Calculate the remainder when 3040349 is divided by 15.
14
Calculate the remainder when 1262402 is divided by 24.
2
Calculate the remainder when 804005 is divided by 30.
5
What is the remainder when 1469273 is divided by 1468702?
571
Calculate the remainder when 13420536 is divided by 5835.
36
What is the remainder when 13191 is divided by 6214?
763
Calculate the remainder when 600799 is divided by 3230.
19
What is the remainder when 1592638 is divided by 288?
286
Calculate the remainder when 18414559 is divided by 297009.
1
What is the remainder when 16562324 is divided by 1152?
20
What is the remainder when 1885732 is divided by 682?
2
What is the remainder when 3266546 is divided by 170?
166
What is the remainder when 140694 is divided by 6947?
1754
What is the remainder when 13413758 is divided by 94463?
12
What is the remainder when 1697246 is divided by 359?
253
Calculate the remainder when 82490628 is divided by 1079.
1078
What is the remainder when 297182267 is divided by 5110?
5107
Calculate the remainder when 2877376 is divided by 405.
256
Calculate the remainder when 328512860 is divided by 799.
15
What is the remainder when 201628 is divided by 921?
850
What is the remainder when 194144 is divided by 4576?
1952
What is the remainder when 2694301 is divided by 1?
0
What is the remainder when 8019 is divided by 760?
419
Calculate the remainder when 8004106 is divided by 1152.
10
Calculate the remainder when 750986 is divided by 501.
488
Calculate the remainder when 5589119 is divided by 232.
7
Calculate the remainder when 15407584 is divided by 15407571.
13
What is the remainder when 329151 is divided by 5722?
2997
What is the remainder when 5607631 is divided by 65972?
11
What is the remainder when 18592186 is divided by 164?
162
Calculate the remainder when 285920 is divided by 12.
8
Calculate the remainder when 1945936 is divided by 1716.
1708
Calculate the remainder when 127751 is divided by 63790.
171
Calculate the remainder when 6902171 is divided by 2035.
1486
What is the remainder when 18495929 is divided by 343?
340
What is the remainder when 346259300 is divided by 4537?
4534
Calculate the remainder when 650280 is divided by 288.
264
What is the remainder when 1215310 is divided by 344?
302
What is the remainder when 164996 is divided by 82473?
50
Calculate the remainder when 338599 is divided by 247.
209
What i